{"id":298,"date":"2025-12-31T12:19:35","date_gmt":"2025-12-31T12:19:35","guid":{"rendered":"https:\/\/somigroup.vn\/?page_id=298"},"modified":"2026-01-07T03:46:03","modified_gmt":"2026-01-07T03:46:03","slug":"vision-mission","status":"publish","type":"page","link":"https:\/\/somigroup.vn\/?page_id=298","title":{"rendered":"Vision &#038; Mission"},"content":{"rendered":"\n<div class=\"wp-block-group alignfull has-global-padding is-layout-constrained wp-container-core-group-is-layout-490fa1db wp-block-group-is-layout-constrained\" style=\"padding-top:var(--wp--preset--spacing--50);padding-right:var(--wp--preset--spacing--50);padding-bottom:var(--wp--preset--spacing--50);padding-left:var(--wp--preset--spacing--50)\">\n<div class=\"wp-block-group has-global-padding is-layout-constrained wp-container-core-group-is-layout-650790e1 wp-block-group-is-layout-constrained\">\n<h1 class=\"wp-block-heading has-text-align-center has-utm-avo-font-family has-large-font-size\"><strong>N\u1ec0N T\u1ea2NG C\u1ed0T L\u00d5I<\/strong><\/h1>\n\n\n\n<div style=\"height:1.25rem\" aria-hidden=\"true\" class=\"wp-block-spacer\"><\/div>\n\n\n\n<p class=\"has-text-align-center\">H\u01b0\u1edbng \u0111\u1ebfn kh\u00e1ch h\u00e0ng, t\u1ea1o gi\u00e1 tr\u1ecb ph\u00e1t tri\u1ec3n b\u1ec1n v\u1eefng.<\/p>\n\n\n\n<p class=\"has-text-align-center\">Nh\u00e2n s\u1ef1 tr\u00e1ch nhi\u1ec7m g\u1eafn k\u1ebft, chia s\u1ebb.<\/p>\n\n\n\n<p class=\"has-text-align-center\">S\u1ea3n ph\u1ea9m li\u00ean k\u1ebft d\u1ecbch v\u1ee5 uy t\u00edn t\u1ed1i \u01b0u v\u00e0 linh ho\u1ea1t.<\/p>\n\n\n\n<div style=\"height:1.25rem\" aria-hidden=\"true\" class=\"wp-block-spacer\"><\/div>\n\n\n\n<div class=\"wp-block-buttons is-content-justification-center is-layout-flex wp-container-core-buttons-is-layout-a89b3969 wp-block-buttons-is-layout-flex\">\n<div class=\"wp-block-button\"><a class=\"wp-block-button__link wp-element-button\" href=\"https:\/\/somigroup.vn\/?page_id=30\">About us<\/a><\/div>\n<\/div>\n<\/div>\n\n\n\n<div style=\"height:var(--wp--preset--spacing--30)\" aria-hidden=\"true\" class=\"wp-block-spacer\"><\/div>\n\n\n\n<figure class=\"wp-block-image alignwide size-full is-style-rounded is-style-rounded--1\"><img loading=\"lazy\" decoding=\"async\" width=\"7200\" height=\"4306\" src=\"https:\/\/somigroup.vn\/wp-content\/uploads\/2025\/12\/ceo-somi-gruop.jpg\" alt=\"\" class=\"wp-image-303\"\/><\/figure>\n<\/div>\n\n\n\n<div class=\"wp-block-group alignfull has-accent-background-color has-background has-global-padding is-layout-constrained wp-container-core-group-is-layout-aff63992 wp-block-group-is-layout-constrained\" style=\"margin-top:0;margin-bottom:0;padding-top:0;padding-right:var(--wp--preset--spacing--50);padding-bottom:0;padding-left:var(--wp--preset--spacing--50)\">\n<div class=\"wp-block-group is-vertical is-content-justification-center is-layout-flex wp-container-core-group-is-layout-52b864f0 wp-block-group-is-layout-flex\">\n<p class=\"has-text-align-center has-large-font-size\"><strong>SOMI &#8211; \u0110\u1ed3ng H\u00e0nh<\/strong><\/p>\n\n\n\n<div style=\"height:0px\" aria-hidden=\"true\" class=\"wp-block-spacer wp-container-content-4f2ccadb\"><\/div>\n\n\n\n<p class=\"has-text-align-center\">SOMI Group s\u1ebd lu\u00f4n \u0111\u1ed3ng h\u00e0nh c\u00f9ng qu\u00fd kh\u00e1ch h\u00e0ng v\u00e0 h\u01b0\u1edbng \u0111\u1ebfn \u0111em l\u1ea1i tr\u1ea3i nghi\u1ec7m h\u00e0i l\u00f2ng cho kh\u00e1ch l\u01b0u tr\u00fa v\u1edbi \u0111\u1ed9i ng\u0169 nh\u00e2n vi\u00ean l\u1eafng nghe t\u00e2m t\u01b0 kh\u00e1ch h\u00e0ng, c\u00e1c c\u0103n h\u1ed9 \u0111\u1eb3ng c\u1ea5p c\u00f9ng c\u00e1c d\u1ecbch v\u1ee5 kh\u00e1c c\u1ee7a ch\u00fang t\u00f4i.<br><\/p>\n<\/div>\n\n\n\n<div style=\"margin-top:0;margin-bottom:0;height:var(--wp--preset--spacing--40)\" aria-hidden=\"true\" class=\"wp-block-spacer\"><\/div>\n\n\n\n<div class=\"wp-block-columns alignwide is-layout-flex wp-container-core-columns-is-layout-d0bbbce0 wp-block-columns-is-layout-flex\">\n<div class=\"wp-block-column is-layout-flow wp-container-core-column-is-layout-e3d1c41b wp-block-column-is-layout-flow\">\n<p class=\"has-text-align-left\"><strong>\u0110\u1ed0I V\u1edaI SOMI GROUP<\/strong><\/p>\n\n\n\n<p class=\"has-text-align-left\">Kh\u00e1ch h\u00e0ng \u2013 \u0110\u1ed9i ng\u0169 l\u00e0 t\u00e0i s\u1ea3n qu\u00fd gi\u00e1 nh\u1ea5t.<br><\/p>\n<\/div>\n\n\n\n<div class=\"wp-block-column is-layout-flow wp-container-core-column-is-layout-e3d1c41b wp-block-column-is-layout-flow\">\n<p class=\"has-text-align-left\"><strong>\u0110\u1ed0I V\u1edaI KH\u00c1CH H\u00c0NG<\/strong><\/p>\n\n\n\n<p class=\"has-text-align-left\">T\u00f4n Tr\u1ecdng \u2013 Ch\u00e2n Th\u00e0nh \u2013 T\u00edn Th\u00e1c.<br><\/p>\n<\/div>\n\n\n\n<div class=\"wp-block-column is-layout-flow wp-container-core-column-is-layout-e3d1c41b wp-block-column-is-layout-flow\">\n<p class=\"has-text-align-left\"><strong>\u0110\u1ed0I V\u1edaI \u0110\u1ed0I T\u00c1C<\/strong><\/p>\n\n\n\n<p class=\"has-text-align-left\">T\u00f4n tr\u1ecdng ph\u00e1t tri\u1ec3n \u2013 Song H\u00e0nh &amp; Chia s\u1ebb.<br><\/p>\n<\/div>\n\n\n\n<div class=\"wp-block-column is-layout-flow wp-block-column-is-layout-flow\">\n<p><strong>\u0110\u1ed0I V\u1edaI TEAM<\/strong><\/p>\n\n\n\n<p>T\u1ef1 tin \u2013&nbsp;Chia s\u1ebb \u2013 T\u1eadn h\u01b0\u1edfng cu\u1ed9c s\u1ed1ng.<br><\/p>\n<\/div>\n<\/div>\n\n\n\n<div style=\"height:var(--wp--preset--spacing--20)\" aria-hidden=\"true\" class=\"wp-block-spacer\"><\/div>\n<\/div>\n\n\n\n<div class=\"wp-block-group alignfull has-accent-color has-contrast-background-color has-text-color has-background has-link-color wp-elements-af1c8424b54212b60e9a784124e570cb has-global-padding is-layout-constrained wp-container-core-group-is-layout-d89aad35 wp-block-group-is-layout-constrained\" style=\"margin-top:0;margin-bottom:0;padding-top:var(--wp--preset--spacing--50);padding-right:var(--wp--preset--spacing--50);padding-bottom:var(--wp--preset--spacing--50);padding-left:var(--wp--preset--spacing--50)\">\n<div class=\"wp-block-group alignwide has-global-padding is-layout-constrained wp-container-core-group-is-layout-19e250f3 wp-block-group-is-layout-constrained\">\n<div class=\"wp-block-group is-vertical is-content-justification-center is-layout-flex wp-container-core-group-is-layout-6329a8f3 wp-block-group-is-layout-flex\">\n<p class=\"has-text-align-center has-large-font-size\"><strong>Tuy\u00ean ng\u00f4n h\u00e0nh \u0111\u1ed9ng<\/strong><\/p>\n\n\n\n<p class=\"has-text-align-center\">&#8221; Somi Group mang \u0111\u1ebfn di\u1ec7n m\u1ea1o m\u1edbi cho s\u1ea3n ph\u1ea9m th\u01b0\u01a1ng hi\u00eau. C\u0103n h\u1ed9 d\u1ecbch v\u1ee5 cho thu\u00ea v\u00e0 l\u01b0u tr\u00fa sang tr\u1ecdng, cao c\u1ea5p th\u00f4ng qua Somiluxstay. B\u1eb1ng s\u1ef1 chuy\u00ean nghi\u1ec7p t\u1eadn t\u00e2m c\u00f9ng \u0111\u1ed9i ng\u0169 chuy\u00ean tr\u00e1ch, ch\u00fang t\u00f4i kh\u00f4ng ch\u1ec9 d\u1ecbch v\u1ee5 cho thu\u00ea c\u0103n h\u1ed9, m\u00e0 ch\u00fang t\u00f4i \u0111\u1ec3 l\u1ea1i d\u1ea5u \u1ea5n c\u1ee7a s\u1ef1 sang tr\u1ecdng v\u00e0 ni\u1ec1m tin trong m\u1ed7i h\u00e0nh tr\u00ecnh l\u01b0u tr\u00fa c\u1ee7a kh\u00e1ch h\u00e0ng.&#8221;<\/p>\n<\/div>\n\n\n\n<div style=\"height:var(--wp--preset--spacing--40)\" aria-hidden=\"true\" class=\"wp-block-spacer\"><\/div>\n\n\n\n<div class=\"wp-block-columns alignwide is-layout-flex wp-container-core-columns-is-layout-d1c656ed wp-block-columns-is-layout-flex\">\n<div class=\"wp-block-column is-vertically-aligned-center is-layout-flow wp-block-column-is-layout-flow\" style=\"flex-basis:40%\">\n<p class=\"has-large-font-size\">Vision<\/p>\n\n\n\n<p>Ch\u00fang t\u00f4i h\u01b0\u1edbng \u0111\u1ebfn vi\u1ec7c m\u1edf r\u1ed9ng kh\u00f4ng gian c\u00f3 t\u00ednh k\u1ebft n\u1ed1i v\u00e0 tr\u1ea3i nghi\u1ec7m \u0111\u1ec3 ph\u1ee5c v\u1ee5 qu\u00fd kh\u00e1ch b\u1eb1ng nh\u1eefng c\u0103n h\u1ed9 d\u1ecbch v\u1ee5 sang tr\u1ecdng, cao c\u1ea5p c\u1ee7a ch\u00fang t\u00f4i. <\/p>\n\n\n\n<p>V\u1edbi s\u1ef1 \u0111\u1ea7u t\u01b0 d\u00e0i h\u1ea1n v\u00e0o \u0111\u1ed9i ng\u0169 nh\u00e2n vi\u00ean, d\u1ecbch v\u1ee5, v\u00e0 c\u01a1 s\u1edf v\u1eadt ch\u1ea5t, ch\u00fang t\u00f4i mong s\u1ebd tr\u1edf th\u00e0nh ng\u01b0\u1eddi b\u1ea1n \u0111\u1ed3ng h\u00e0nh v\u1edbi qu\u00fd kh\u00e1ch h\u00e0ng trong hi\u1ec7n t\u1ea1i v\u00e0 t\u01b0\u01a1ng lai.<\/p>\n\n\n\n<ul style=\"line-height:1.75\" class=\"wp-block-list is-style-checkmark-list\"><\/ul>\n<\/div>\n\n\n\n<div class=\"wp-block-column is-layout-flow wp-block-column-is-layout-flow\" style=\"flex-basis:50%\">\n<figure class=\"wp-block-image size-full is-style-rounded is-style-rounded--2\"><img loading=\"lazy\" decoding=\"async\" width=\"2504\" height=\"2504\" src=\"https:\/\/somigroup.vn\/wp-content\/uploads\/2025\/12\/SOMI-Group_Version-01.jpg\" alt=\"\" class=\"wp-image-95\"\/><\/figure>\n<\/div>\n<\/div>\n\n\n\n<div style=\"height:var(--wp--preset--spacing--40)\" aria-hidden=\"true\" class=\"wp-block-spacer\"><\/div>\n\n\n\n<div class=\"wp-block-columns alignwide is-layout-flex wp-container-core-columns-is-layout-d1c656ed wp-block-columns-is-layout-flex\">\n<div class=\"wp-block-column is-layout-flow wp-block-column-is-layout-flow\" style=\"flex-basis:50%\">\n<figure class=\"wp-block-image size-full is-style-rounded is-style-rounded--3\" style=\"margin-top:0;margin-bottom:0\"><img loading=\"lazy\" decoding=\"async\" width=\"3241\" height=\"1551\" src=\"https:\/\/somigroup.vn\/wp-content\/uploads\/2025\/12\/Somi-group-Landmark-81-Apartment-services.jpg\" alt=\"\" class=\"wp-image-145\" style=\"aspect-ratio:3\/2;object-fit:cover\"\/><\/figure>\n<\/div>\n\n\n\n<div class=\"wp-block-column is-vertically-aligned-center is-layout-flow wp-block-column-is-layout-flow\" style=\"flex-basis:40%\">\n<p class=\"has-large-font-size\">Mission<\/p>\n\n\n\n<p>M\u1ecdi kh\u00e1ch h\u00e0ng, \u0111\u1ed1i t\u00e1c v\u00e0 \u0111\u1ed9i ng\u0169 nh\u00e2n s\u1ef1 lu\u00f4n c\u00f3 gi\u00e1 tr\u1ecb c\u1ed1t l\u00f5i \u0111\u1ed1i v\u1edbi SOMI Group.<\/p>\n\n\n\n<p><\/p>\n\n\n\n<p>\u0110\u00e1nh gi\u00e1 c\u1ee7a kh\u00e1ch h\u00e0ng d\u00e0nh cho \u0111\u1ed9i ng\u0169 nh\u00e2n vi\u00ean lu\u00f4n l\u00e0 n\u1ec1n t\u1ea3ng quan tr\u1ecdng \u0111\u1ed1i v\u1edbi s\u1ef1 ph\u00e1t tri\u1ec3n l\u00e2u d\u00e0i c\u1ee7a c\u00f4ng ty.<\/p>\n<\/div>\n<\/div>\n<\/div>\n<\/div>\n\n\n\n<div class=\"wp-block-group alignfull has-contrast-color has-accent-background-color has-text-color has-background has-global-padding is-layout-constrained wp-container-core-group-is-layout-5afe9d9f wp-block-group-is-layout-constrained\" style=\"margin-top:0;margin-bottom:0;padding-top:var(--wp--preset--spacing--30);padding-right:var(--wp--preset--spacing--60);padding-bottom:var(--wp--preset--spacing--30);padding-left:var(--wp--preset--spacing--60)\">\n<div class=\"wp-block-group has-global-padding is-layout-constrained wp-block-group-is-layout-constrained\">\n<p class=\"has-text-align-center has-contrast-2-color has-text-color has-utm-avo-font-family has-large-font-size\" style=\"line-height:1.2\"><strong>L\u00e0 ng\u01b0\u1eddi l\u00e3nh \u0111\u1ea1o.<\/strong><\/p>\n\n\n\n<p class=\"has-text-align-center has-contrast-color has-text-color has-utm-avo-font-family has-medium-font-size\" style=\"line-height:1.2\"><br><em>&#8221; H\u01b0\u1edbng \u0111\u1ebfn vi\u1ec7c m\u1edf r\u1ed9ng kh\u00f4ng gian c\u00f3 t\u00ednh k\u1ebft n\u1ed1i v\u00e0 tr\u1ea3i nghi\u1ec7m \u0111\u1ec3 ph\u1ee5c v\u1ee5 kh\u00e1ch h\u00e0ng qua c\u00e1c c\u0103n h\u1ed9 d\u1ecbch v\u1ee5 sang tr\u1ecdng, cao c\u1ea5p c\u1ee7a ch\u00fang t\u00f4i<\/em> <em>&#8220;<\/em><\/p>\n\n\n\n<p class=\"has-text-align-center has-contrast-color has-text-color has-utm-avo-font-family has-medium-font-size\" style=\"line-height:1.2\">V\u1edbi s\u1ef1 \u0111\u1ea7u t\u01b0 d\u00e0i h\u1ea1n v\u00e0o \u0111\u1ed9i ng\u0169 nh\u00e2n vi\u00ean, d\u1ecbch v\u1ee5, v\u00e0 c\u01a1 s\u1edf v\u1eadt ch\u1ea5t, ch\u00fang t\u00f4i mong s\u1ebd tr\u1edf th\u00e0nh ng\u01b0\u1eddi b\u1ea1n \u0111\u1ed3ng h\u00e0nh v\u1edbi qu\u00fd kh\u00e1ch h\u00e0ng trong hi\u1ec7n t\u1ea1i v\u00e0 t\u01b0\u01a1ng lai.<\/p>\n\n\n\n<div style=\"height:var(--wp--preset--spacing--10)\" aria-hidden=\"true\" class=\"wp-block-spacer\"><\/div>\n\n\n\n<div class=\"wp-block-group is-vertical is-content-justification-center is-nowrap is-layout-flex wp-container-core-group-is-layout-2dc08cea wp-block-group-is-layout-flex\">\n<figure class=\"wp-block-image aligncenter size-full is-resized has-custom-border\"><img loading=\"lazy\" decoding=\"async\" width=\"512\" height=\"512\" src=\"https:\/\/somigroup.vn\/wp-content\/uploads\/2025\/12\/Icon-SomiI-Group-150px.png\" alt=\"\" class=\"wp-image-73\" style=\"border-radius:100px;aspect-ratio:1;object-fit:cover;width:60px\"\/><\/figure>\n\n\n\n<p class=\"has-text-align-center\" style=\"margin-top:var(--wp--preset--spacing--10);margin-bottom:0\">Ms. <strong>Anh Nguyet<\/strong><\/p>\n\n\n\n<p class=\"has-text-align-center has-contrast-2-color has-text-color has-small-font-size\" style=\"font-style:normal;font-weight:300\">CEO, SOMI Group<\/p>\n<\/div>\n<\/div>\n<\/div>\n\n\n\n<p><\/p>\n","protected":false},"excerpt":{"rendered":"<p>N\u1ec0N T\u1ea2NG C\u1ed0T L\u00d5I H\u01b0\u1edbng \u0111\u1ebfn kh\u00e1ch h\u00e0ng, t\u1ea1o gi\u00e1 tr\u1ecb ph\u00e1t tri\u1ec3n b\u1ec1n v\u1eefng. Nh\u00e2n s\u1ef1 tr\u00e1ch nhi\u1ec7m g\u1eafn k\u1ebft, chia s\u1ebb. S\u1ea3n ph\u1ea9m li\u00ean k\u1ebft d\u1ecbch v\u1ee5 uy t\u00edn t\u1ed1i \u01b0u v\u00e0 linh ho\u1ea1t. SOMI &#8211; \u0110\u1ed3ng H\u00e0nh SOMI Group s\u1ebd lu\u00f4n \u0111\u1ed3ng h\u00e0nh c\u00f9ng qu\u00fd kh\u00e1ch h\u00e0ng v\u00e0 h\u01b0\u1edbng \u0111\u1ebfn \u0111em l\u1ea1i [&hellip;]<\/p>\n","protected":false},"author":1,"featured_media":0,"parent":30,"menu_order":1,"comment_status":"closed","ping_status":"closed","template":"","meta":{"footnotes":""},"class_list":["post-298","page","type-page","status-publish","hentry"],"_links":{"self":[{"href":"https:\/\/somigroup.vn\/index.php?rest_route=\/wp\/v2\/pages\/298","targetHints":{"allow":["GET"]}}],"collection":[{"href":"https:\/\/somigroup.vn\/index.php?rest_route=\/wp\/v2\/pages"}],"about":[{"href":"https:\/\/somigroup.vn\/index.php?rest_route=\/wp\/v2\/types\/page"}],"author":[{"embeddable":true,"href":"https:\/\/somigroup.vn\/index.php?rest_route=\/wp\/v2\/users\/1"}],"replies":[{"embeddable":true,"href":"https:\/\/somigroup.vn\/index.php?rest_route=%2Fwp%2Fv2%2Fcomments&post=298"}],"version-history":[{"count":19,"href":"https:\/\/somigroup.vn\/index.php?rest_route=\/wp\/v2\/pages\/298\/revisions"}],"predecessor-version":[{"id":558,"href":"https:\/\/somigroup.vn\/index.php?rest_route=\/wp\/v2\/pages\/298\/revisions\/558"}],"up":[{"embeddable":true,"href":"https:\/\/somigroup.vn\/index.php?rest_route=\/wp\/v2\/pages\/30"}],"wp:attachment":[{"href":"https:\/\/somigroup.vn\/index.php?rest_route=%2Fwp%2Fv2%2Fmedia&parent=298"}],"curies":[{"name":"wp","href":"https:\/\/api.w.org\/{rel}","templated":true}]}}